11557 = -2*b, -3*b - 5761 = 2*n. Let u = 4077 + n. What is the thousands digit of u?
1
What is the hundreds digit of (-87)/27 + 3 - (-7762037)/873?
8
Suppose 2*n + 6*n = 728. Suppose -8*t - n = 77. Let d = t - -70. What is the tens digit of d?
4
Let b(a) = -a**3 - 7*a**2 - 11*a + 1. Let x be b(-5). What is the tens digit of (3/9)/(x/6174)?
4
Suppose 57*v - 12691 - 2758 = 14818. What is the tens digit of v?
3
Let d(v) = -160*v - 386. What is the ten thousands digit of d(-148)?
2
Let q(u) = -4*u - 5. Let d be q(-2). Suppose -4*g + x = -729, -d*g + 0*x + 564 = 5*x. What is the tens digit of g?
8
What is the units digit of 576/3*26/6*248/8?
2
Suppose y - 45831 = -4*x, y + 18254 + 27579 = 4*x. What is the tens digit of x?
5
Suppose 73*u - 329376 = 57*u. What is the tens digit of u?
8
What is the hundreds digit of 4/4*1/(6 - 429380/71564)?
8
Let t = 100 + -168. Let j = -63 - t. Suppose 0 = -j*v + 12*v - 133. What is the tens digit of v?
1
Suppose -37260 = 6*h - 5*h - 4*h. What is the ten thousands digit of h?
1
What is the hundreds digit of 198/(-132)*15508/(-6)?
8
Let b(o) = -o**3 + 13*o**2 + 39*o + 167. What is the hundreds digit of b(-21)?
3
Let r = 32 + -51. Let h = r + 24. Suppose -h*w - 296 = -2*f, -3*f - 4*w = -5*f + 292. What is the hundreds digit of f?
1
Let h = 56344 - 16608. What is the hundreds digit of h?
7
Suppose -5*p - 41 = -3*u + 212, u = -4*p - 216. Let a = p - -19. Let d = a - -54. What is the units digit of d?
0
Suppose -5*t - 5*c + 1 = -9, 0 = -2*t - 3*c - 1. Let g(i) = -6*i**2 + 8*i - 17. Let f be g(t). Let p = -152 - f. What is the tens digit of p?
0
Let k(b) be the second derivative of b**5/20 + b**4/2 - 8*b. Let y be k(-6). Suppose -8*z + 500 + 100 = y. What is the units digit of z?
5
Let l be (-147 + -4)*1*-1. Suppose 4*d - l - 581 = 0. Let m = d - 102. What is the tens digit of m?
8
Let y(k) = -2*k**2 + 9*k + 8. Let q be y(5). Suppose 0 = i + u - 5, -q*u = -3*i - 0*u - 9. Suppose -i = m - 8. What is the units digit of m?
7
Let i be 5/(5/831)*5/15. Let u = i + 38. What is the units digit of u?
5
Let n = 3546 + -2227. Let f = -928 + n. What is the tens digit of f?
9
Let w(g) = g**3 + 12*g**2 - 14*g + 4. Let x be w(-13). Suppose d - 32 = -x*f + 16*f, 160 = 5*d + 4*f. What is the tens digit of d?
3
Suppose 10*n + 50 = 0, 3*d + 5*n + 6223 - 29817 = 0. What is the thousands digit of d?
7
Let m = -142 - -187. Let u = 364 - m. What is the units digit of u?
9
Let c = -4 - 9. Let u(n) = -n**2 - 39*n - 105. Let q be u(-36). What is the tens digit of c/((-4)/q - -1)?
3
Let p = 32490 + -3005. What is the ten thousands digit of p?
2
Suppose -2*a + 62 = 3*j, 3*j + a + 2*a - 60 = 0. Suppose j*y + 12936 = 36*y. What is the hundreds digit of y?
9
Let u = -29718 + 30216. What is the tens digit of u?
9
Let y(a) = a**2 + 13*a + 16. Let w be y(-11). Let k = w - -7. What is the units digit of (-8 - -10) + (2 - k)?
3
Let m(g) = -31*g - 79. Let x be m(-3). Suppose -x*q = -9*q - 1875. What is the units digit of q?
5
Suppose -16*p - 340625 = -5*s - 12*p, 2*s - 136268 = -2*p. What is the hundreds digit of s?
1
Let x = 1526 - 299. Suppose 8 = 4*t, -4*d + x = t - 383. What is the units digit of d?
2
Suppose 0 = -50*f + 700387 - 128187. What is the units digit of f?
4
Suppose -25462 = -5*o + 11118. What is the hundreds digit of 4/(-14) + 11/(308/o)?
2
Let u(w) = 148*w + 1866. What is the units digit of u(-10)?
6
Let s(v) = -v**3 + 12*v**2 - 2*v + 17. Let k be s(12). Let a be 2/k - ((-1160)/(-28))/(-5). Suppose -32 = a*o - 944. What is the tens digit of o?
1
What is the units digit of (-158826)/(-18) - 5*-2*3/(-18)?
2
Suppose -107*q - 170*q = 41*q - 5054928. What is the thousands digit of q?
5
Let p = -301 + 306. Suppose 5*k - 8527 = -9*c, p*c + 667 - 5411 = 4*k. What is the units digit of c?
8
What is the tens digit of 14*17/(-952) + (-175493)/(-4)?
7
Suppose h = -2*h - m + 8679, 3*h - 5*m - 8679 = 0. What is the units digit of h?
3
Let z = 13678 + -4564. What is the hundreds digit of z?
1
Suppose -397*i + 657951 = 2*i. What is the units digit of i?
9
Let g = 1715 + -1185. Let m = g + 687. What is the tens digit of m?
1
Let r(k) = -2*k**3 - 36*k**2 - k - 19. Let u(s) = -6*s**2 + 52*s - 1. Let z be u(9). What is the units digit of r(z)?
2
Let w = 127850 + -78590. What is the hundreds digit of w?
2
Let i be 35/140 - (-15)/4. What is the units digit of ((-41096)/(-22))/(5/(10/i))?
4
Let w be ((-91)/21 + 3)*(-1938)/(-4). Let b = 85 - w. What is the units digit of b?
1
Let t be 1040/(-24)*(-39)/(-2). Let s = -459 - t. What is the tens digit of s?
8
Let n be (-125180)/(-24) - ((-23)/(-6) + -4). Suppose -5*v = 3*l - 6509, 4*v - 5*l + 3*l - n = 0. What is the tens digit of v?
0
Suppose 0 = 3*k - 4*p - 33900, 0 = 489*k - 492*k + p + 33882. What is the ten thousands digit of k?
1
Let q(b) = 16519*b**2 + 290*b + 291. What is the ten thousands digit of q(-1)?
1
Let k = 182529 - 120527. What is the thousands digit of k?
2
Suppose -3*r + 2*o + 33 - 6 = 0, 5*r - 45 = -2*o. Let b be 2/(-6) + (-123)/r. What is the units digit of (-2 - b)/4 + 0?
3
Suppose 0 = -s - 2*o + 3, 4*o - 5*o = -4*s + 3. Let l(q) = -q**3 + 2*q**2 + 2*q + 3. Let a be l(4). What is the units digit of 15/a + s - 3762/(-63)?
0
Suppose -n + 5*w + 274 = 0, -9 = -2*w - 5. Let a = -251 + n. What is the tens digit of a?
3
Let h(t) = -t**3 + 8*t**2 + 18*t - 78. Let n be h(9). What is the units digit of (-273)/(-4 + n) + -2?
1
Suppose 4*h - 754 = 126. Let g be (4 - -7) + -5 - 3. Suppose 446 = 5*z + i + 85, -g*z + h = 4*i. What is the units digit of z?
2
Suppose 0 = -21*n + 12*n + 135. Suppose 0 = n*v - 8094 + 1449. What is the tens digit of v?
4
Suppose -2*y - 2 = -2*a, 7*y = 11*y + 4*a - 28. What is the units digit of ((-1198)/y - -6)*(-12)/10?
2
Let z(q) = 14*q + 81*q - 26*q + 141 - 137. Let c be z(5). Let s = c + -141. What is the hundreds digit of s?
2
Let b = 39 + -36. Suppose 0 = 5*x - 7*x - 2*q + 188, 0 = b*x + q - 282. What is the tens digit of x?
9
Let y(o) = -6*o**2 - 10*o - 1. Let h be y(-10). Let c = h - -983. Suppose 611 = 5*a - 2*t, -8*a + c = -4*a - 5*t. What is the tens digit of a?
2
Suppose 5*a = 3*t + 287, a + a - 106 = -t. Suppose -1845 = a*k - 58*k. What is the units digit of k?
5
Suppose 2*i - 82 = -18. Suppose 15 = -3*q, b - 3*b + 235 = -5*q. Let u = b - i. What is the units digit of u?
3
Suppose -12*v = -17*v + 75. Let a(w) = w - 4*w + 5*w - v - 6*w. What is the tens digit of a(-16)?
4
Suppose 3*z + 3*m = 7*m + 6313, 5*z = -5*m + 10545. What is the thousands digit of z?
2
Let u = -10246 + 34292. What is the hundreds digit of u?
0
Let p(o) = 2*o**2 + 2*o + 50. Suppose -9 = -c + 7. Suppose 3*m + c = m. What is the tens digit of p(m)?
6
Suppose -164626 = 46*h - 402467 - 311031. What is the tens digit of h?
3
Let t = -110989 - -191698. What is the tens digit of t?
0
Suppose 3*p = -1919*t + 1924*t + 47488, p + 4*t = 15801. What is the units digit of p?
1
Let p = -41 + 40. Let l be (-22 + 21)*3*p. Suppose 122 = 2*j - w, -3*j + l*w - 114 = -5*j. What is the tens digit of j?
6
Let h = -38 + 50. Let j(t) = -t + 13. Let n be j(h). Let c(x) = 67*x**3 + 3*x**2 - 3*x + 1. What is the units digit of c(n)?
8
Suppose -238 = 3*n - 4*v - 1662, -5*v = 2*n - 980. Let s = 1 + n. What is the tens digit of s?
8
Let m(d) = -d**3 + 3*d**2 - 2*d. Let k be m(1). Suppose k = -2*g + 253 + 703. What is the hundreds digit of g?
4
Suppose -3*m + 3607 = -5*p - 0*m, -3*p - 2*m = 2149. Let w = 1291 + p. What is the units digit of w?
2
Suppose -229 = 3*p + 2. Let j = 361 - p. What is the tens digit of j?
3
Let k(o) = o. Let y be k(2). Suppose -4*c = 2*l - 1538 - 342, y*c + 3*l - 944 = 0. What is the units digit of c?
9
What is the ten thousands digit of (108399/2)/(1575/1050)?
3
Suppose -15 = -2*p - 3*p, 2*i = 2*p + 2. Suppose 2*v = 3*f + 26 + 7, 0 = 2*v - i*f - 38. Suppose -180 = -v*k + 5*k. What is the units digit of k?
5
Let h(b) = -236*b**3 - 12*b**2 - 20. Let s(u) = -79*u**3 - 4*u**2 - 7. Let r(y) = 4*h(y) - 11*s(y). What is the units digit of r(-2)?
1
Suppose 0 = 5*k - 3*v, -k = -6*v + v. Suppose 13*d - 14*d + 649 = k. What is the hundreds digit of d?
6
Let d = 39 + -31. Suppose 5401 = d*h - 1607. Suppose 0 = -0*g - 6*g + h. What is the units digit of g?
6
Suppose -3189 = -8*s + 1275. Suppose 2*x + s = p + 3*x